59
Convert 100111001121022 (base 3) to base 16.
4ce791
-1001110101001101000100 (base 2) to base 11
-1500338
114513152 (base 6) to base 4
20111330330
Convert -1451303 (base 7) to base 16.
-302ff
135376 (base 8) to base 13
18a34
Convert 4077441 (base 9) to base 5.
1024132110
Convert -525147 (base 9) to base 4.
-1030031020
2114277 (base 10) to base 6
113152153
-110101001100001011 (base 2) to base 6
-4400351
-ca50 (base 15) to base 5
-2332300
Convert 378048 (base 9) to base 3.
102122001122
What is -1d75c0 (base 14) in base 7?
-11663230
30203051 (base 6) to base 7
10163512
What is -91365 (base 10) in base 4?
-112103211
What is -66773 (base 10) in base 5?
-4114043
What is 100010001011011 (base 2) in base 15?
52b9
-a81a (base 11) to base 9
-21547
112101110122202 (base 3) to base 7
121664135
What is -200410 (base 6) in base 16?
-3d56
-222001010 (base 3) to base 7
-106230
What is -a3921 (base 11) in base 2?
-100100111111011011
Convert -37570705 (base 8) to base 6.
-454151513
What is -22d75 (base 14) in base 16?
-14beb
103102012 (base 4) to base 10
78982
Convert -102531 (base 8) to base 13.
-126cc
25b3087 (base 13) to base 2
101101001000011010101100
Convert -2253262 (base 11) to base 9.
-7368363
Convert -32133134 (base 5) to base 3.
-111202210200
Convert -2533532 (base 6) to base 12.
-672a8
What is 354244 (base 6) in base 7?
155500
What is -1001220112211 (base 3) in base 2?
-10001010111010111100
Convert 2020310133 (base 4) to base 5.
120413130
What is -670515 (base 8) in base 16?
-3714d
What is -2166541 (base 8) in base 9?
-1081483
-d1fdf (base 16) to base 2
-11010001111111011111
What is -32667 (base 10) in base 5?
-2021132
What is 33201133 (base 5) in base 6?
10055444
What is 221302212 (base 4) in base 9?
280723
474242 (base 11) to base 16
b7aaf
Convert -100142033 (base 5) to base 10.
-396518
Convert 166311 (base 10) to base 5.
20310221
-11011000101011010 (base 2) to base 10
-110938
What is 5704307 (base 8) in base 9?
2810624
What is 756571 (base 11) in base 14?
236979
534b1b (base 14) to base 15
3a9c50
5304510 (base 6) to base 15
51523
118452 (base 10) to base 13
41bb9
1d56 (base 14) to base 11
4040
Convert 402694 (base 10) to base 12.
17505a
What is -2828426 (base 10) in base 14?
-538aa6
What is 1311225 (base 6) in base 12?
35515
Convert -634121 (base 8) to base 13.
-75089
Convert -1413321 (base 5) to base 13.
-103b0
-21413a (base 12) to base 11
-3298aa
-70403a (base 11) to base 2
-100010100100010110100
Convert -1bf62a (base 16) to base 10.
-1832490
What is 240a47 (base 12) in base 6?
20250531
21201112221212 (base 3) to base 9
7645855
-620251 (base 13) to base 4
-20231323210
Convert 313171a (base 11) to base 7.
64635464
Convert 10110203 (base 6) to base 12.
11b363
Convert -203213001 (base 4) to base 6.
-3043133
What is 4304324 (base 5) in base 6?
1315252
-2056503 (base 7) to base 14
-66d73
-1117242 (base 10) to base 8
-4206072
What is 1455122 (base 6) in base 9?
140085
-21122332211 (base 4) to base 12
-9b1345
Convert -2626517 (base 8) to base 2.
-10110010110101001111
Convert -21112000121 (base 3) to base 9.
-245017
-42e43 (base 16) to base 11
-17793a
What is -1864939 (base 11) in base 8?
-14020536
Convert -2020210200010 (base 3) to base 10.
-1196778
8934 (base 10) to base 12
5206
-241985 (base 10) to base 14
-64289
What is 101200224 (base 6) in base 12?
700074
Convert 1650463 (base 7) to base 15.
48577
100111000101101001 (base 2) to base 3
22010121211
Convert -a9bbd5 (base 15) to base 7.
-125520413
Convert 2457513 (base 12) to base 15.
94dd8c
What is 46571 (base 11) in base 12?
32aa9
-224644 (base 11) to base 5
-42414412
Convert 365219 (base 10) to base 14.
97151
What is 32232323 (base 4) in base 10?
60347
What is -4311166 (base 8) in base 7?
-12534311
What is -1233011333 (base 4) in base 5?
-104030124
c33fe1 (base 16) to base 13
286032c
What is 18435 (base 12) in base 5?
2111202
What is -310213330 (base 5) in base 16?
-132f7c
What is -4277046 (base 11) in base 12?
-2627b74
What is 164289 (base 13) in base 16?
86bda
Convert 321011322 (base 4) to base 14.
61318
Convert -102323 (base 13) to base 14.
-9b171
Convert 13342211 (base 5) to base 3.
20222011210
Convert -447004 (base 11) to base 7.
-6024030
What is -12a0f8 (base 16) in base 5?
-303031411
1801256 (base 12) to base 11
28a0651
-71216 (base 8) to base 11
-20040
What is -6837bb (base 16) in base 7?
-112024366
Convert 44463063 (base 7) to base 15.
50eed6
What is 4a6ca (base 14) in base 16?
2c8ba
-21556 (base 9) to base 11
-a827
193840 (base 10) to base 9
324807
-4aa303 (base 11) to base 8
-3042702
-22100100100 (base 3) to base 12
-7b099
-140033300 (base 5) to base 7
-5665464
Convert -122233 (base 13) to base 3.
-211000020001
Convert 66062 (base 15) to base 9.
543512
What is -836474 (base 9) in base 16?
-794c8
Convert 5a5a5 (base 14) to base 15.
4559a
Convert -4510c (base 13) to base 4.
-132213202
-325f54 (base 16) to base 13
-8b779a
Convert 47641 (base 10) to base 9.
72314
-73fbb (base 16) to base 10
-475067
Convert 9b580 (base 12) to base 13.
72c78
What is 96169 (base 11) in base 6?
2555531
Convert -4146316 (base 7) to base 15.
-9cdba
What is 15a67 (base 15) in base 9?
115727
416622 (base 9) to base 14
66365
What is 110001000111010011011 (base 2) in base 13?
4446ba
What is 22222120222222 (base 3) in base 14?
8c41db
What is 10320030120 (base 4) in base 13?
35a06c
-3481011 (base 12) to base 8
-46467315
What is -3013130133 (base 4) in base 9?
-1474546
What is 1c4653 (base 14) in base 16?
f6d61
Convert 395f93 (base 16) to base 3.
21002000202222
-1a17572 (base 11) to base 6
-201003453
Convert -2b32ba5 (base 12) to base 9.
-17456068
What is 12133323231 (base 4) in base 14?
324c21
What is 59b7a (base 16) in base 7?
3060243
216415 (base 8) to base 11
4a90a
-168045 (base 10) to base 15
-34bd0
What is cc9a0 (base 13) in base 10?
370747
Convert 4324987 (base 10) to base 14.
808239
Convert a1a06a (base 12) to base 13.
6a5c2b
Convert -111001010011011110 (base 2) to base 8.
-712336
Convert -48886 (base 14) to base 16.
-2b496
What is 1111121100 (base 3) in base 8?
71641
Convert 581 (base 11) to base 2.
1010110110
Convert -b7872 (base 16) to base 13.
-204215
What is -2665475 (base 11) in base 14?
-87c047
30101242 (base 5) to base 12
b5681
What is -24a001 (base 11) in base 10?
-393977
Convert -654369 (base 10) to base 11.
-407701
What is -37078a (base 11) in base 4?
-2033031121
What is -a9a82b (base 12) in base 7?
-31615340
What is -323242404 (base 6) in base 15?
-78ba04
What is 40112145 (base 6) in base 12?
465655
c04ca (base 16) to base 9
1430415
Convert 9a58b4 (base 12) to base 5.
1112104101
What is 551f35 (base 16) in base 7?
65262664
-10100101101101001011 (base 2) to base 7
-5524544
Convert 16a0527 (base 11) to base 9.
5376316
What is 35350462 (base 7) in base 14?
5b3832
-352857 (base 12) to base 7
-10160164
11414433 (base 7) to base 2
11110111001010111101
What is 20010100102 (base 3) in base 6?
2330015
What is 64780 (base 9) in base 13?
166c8
What is -40341332 (base 5) in base 15?
-66297
Convert 11100314 (base 8) to base 13.
659b58
Convert 110001011100111101 (base 2) to base 10.
202557
What is 1a46146 (base 15) in base 9?
40124553
What is -2483557 (base 9) in base 8?
-5124742
Convert 228595 (base 10) to base 12.
b0357
What is -10754 (base 10) in base 15?
-32be
What is -40422 (base 8) in base 16?
-4112
1188766 (base 9) to base 7
5343255
Convert 1760755 (base 8) to base 7.
4251043
-d869d (base 16) to base 10
-886429
110201030 (base 5) to base 7
4016151
Convert -541461 (base 7) to base 2.
-10111000000001101
What is -61ae7 (base 16) in base 11?
-253670
-31435531 (base 6) to base 2
-11100001010001101111
19c6b (base 13) to base 2
1100010100010011
305533 (base 8) to base 9
163746
Convert -201013132 (base 4) to base 15.
-2a2d1
What is 112021301133 (base 4) in base 6?
324245103
Convert 23233114 (base 5) to base 3.
101202100020
3041223020 (base 5) to base 9
12582421
131635234 (base 7) to base 6
501220214
Convert 11011020210011 (base 3) to base 10.
2209441
Convert -664423 (base 10) to base 11.
-414211
Convert 212011111100 (base 3) to base 6.
13435013
What is 35280a (base 12) in base 13?
23c0c5
What is -2224322 (base 5) in base 11?
-27611
-65a09 (base 15) to base 9
-541820
What is 1787c (base 16) in base 12?
47938
W